
90
What is the highest common factor of 261 and 11043?
9
What is the greatest common divisor of 12182478 and 1617?
1617
Calculate the highest common divisor of 84652 and 76.
4
What is the highest common divisor of 1328 and 60092?
332
What is the greatest common factor of 2640 and 2190?
30
Calculate the greatest common divisor of 22 and 805849.
11
What is the highest common divisor of 11175 and 2682?
447
Calculate the highest common divisor of 55 and 48752.
11
Calculate the greatest common factor of 163863 and 5103.
567
Calculate the greatest common divisor of 1369 and 1073.
37
Calculate the greatest common factor of 100 and 70100.
100
Calculate the greatest common divisor of 105 and 103915.
35
Calculate the greatest common factor of 42622 and 1055.
211
What is the greatest common factor of 1130 and 1280?
10
Calculate the highest common factor of 9170 and 3500.
70
What is the greatest common factor of 926440 and 27094?
874
Calculate the greatest common divisor of 2366 and 3878.
14
Calculate the greatest common divisor of 1128 and 10056.
24
What is the greatest common divisor of 35185 and 63787?
227
Calculate the greatest common factor of 71 and 1917.
71
Calculate the greatest common factor of 765 and 1980.
45
Calculate the greatest common divisor of 32438 and 6076.
98
Calculate the highest common divisor of 8901 and 1656.
207
Calculate the highest common factor of 1296 and 7312.
16
What is the greatest common factor of 24 and 117224?
8
What is the greatest common factor of 950 and 53770?
190
What is the highest common divisor of 30328 and 1080212?
892
What is the highest common factor of 67326 and 336?
42
Calculate the highest common factor of 20984 and 132248.
488
What is the greatest common factor of 2 and 43682?
2
What is the greatest common factor of 273 and 294?
21
What is the greatest common factor of 1885 and 39701?
29
What is the greatest common divisor of 646623 and 972?
243
Calculate the greatest common factor of 31540 and 1900.
380
What is the greatest common divisor of 478 and 740422?
478
What is the greatest common factor of 58 and 570749?
29
What is the greatest common factor of 11448 and 2160?
216
Calculate the greatest common divisor of 100156 and 343.
343
What is the highest common factor of 756 and 4956?
84
What is the greatest common factor of 2941 and 1903?
173
What is the greatest common factor of 28400 and 625?
25
What is the highest common divisor of 584 and 65846?
146
Calculate the highest common factor of 2127660 and 60.
60
Calculate the greatest common factor of 84 and 20472.
12
What is the highest common divisor of 96617 and 316?
79
What is the greatest common divisor of 33201 and 105?
21
What is the highest common divisor of 78 and 4909112?
26
What is the highest common factor of 6 and 48333?
3
Calculate the highest common factor of 228 and 501657.
57
What is the highest common factor of 93 and 75?
3
What is the highest common divisor of 112 and 1008?
112
What is the highest common divisor of 26 and 525707?
13
Calculate the highest common factor of 26 and 8333.
13
What is the highest common divisor of 542 and 227369?
271
Calculate the highest common divisor of 386201 and 379.
379
What is the greatest common factor of 228818 and 3?
1
What is the greatest common divisor of 3198 and 321984?
78
What is the highest common factor of 10530 and 390?
390
Calculate the highest common divisor of 1050 and 2518950.
1050
Calculate the greatest common factor of 17712 and 615.
123
Calculate the greatest common divisor of 103 and 1899217.
103
What is the greatest common divisor of 5299 and 588?
7
Calculate the highest common factor of 6480 and 45882.
18
What is the highest common factor of 209 and 7293?
11
What is the highest common factor of 192 and 14304?
96
What is the highest common factor of 24 and 7068?
12
What is the greatest common divisor of 4970 and 56?
14
What is the highest common factor of 5292411 and 142?
71
What is the greatest common divisor of 644 and 624013?
23
Calculate the greatest common factor of 188 and 90898.
94
Calculate the highest common divisor of 43422 and 18.
6
What is the highest common divisor of 4392 and 15408?
72
What is the highest common factor of 4476 and 14352?
12
Calculate the greatest common divisor of 2327 and 267426.
179
Calculate the greatest common factor of 69420 and 15.
15
What is the greatest common factor of 14 and 1027054?
14
Calculate the highest common factor of 360 and 7856.
8
Calculate the greatest common divisor of 3405 and 252651.
681
Calculate the highest common factor of 248838 and 268.
134
What is the greatest common factor of 10979484 and 1509?
1509
Calculate the highest common divisor of 3 and 11411.
1
Calculate the highest common divisor of 11700 and 31725.
225
Calculate the highest common factor of 104 and 155285.
13
Calculate the greatest common factor of 134871 and 187.
11
Calculate the highest common divisor of 652 and 1771973.
163
Calculate the highest common divisor of 26425 and 4950.
25
Calculate the highest common factor of 8910 and 1870.
110
What is the highest common divisor of 26 and 160420?
26
What is the greatest common divisor of 96 and 27000?
24
What is the greatest common factor of 270 and 318870?
270
What is the greatest common factor of 267787 and 13?
13
What is the greatest common divisor of 9792505 and 95?
95
What is the highest common divisor of 5353 and 424?
53
What is the greatest common divisor of 352 and 5566?
22
Calculate the highest common divisor of 1854201 and 668.
167
What is the highest common divisor of 72 and 7724?
4
What is the greatest common factor of 157521 and 546?
273
What is the highest common factor of 24 and 1661928?
24
What is the greatest common divisor of 1032 and 20769?
129
Calculate the greatest common factor of 28 and 106442.
14
What is the highest common factor of 694 and 79463?
347
Calculate the greatest common factor of 15475 and 125.
25
Calculate the highest common divisor of 2889920 and 44.
44
Calculate the highest common factor of 26467 and 266.
133
Calculate the greatest common factor of 306866 and 1288.
322
Calculate the highest common divisor of 225 and 155050.
25
What is the highest common divisor of 2565572 and 986?
986
What is the highest common divisor of 612 and 20842?
34
What is the highest common divisor of 184 and 108376?
184
What is the highest common factor of 708675 and 1650?
825
Calculate the highest common factor of 910731 and 1608.
201
What is the greatest common divisor of 36 and 29364?
12
What is the highest common divisor of 2805 and 12870?
165
What is the greatest common factor of 754 and 482386?
58
What is the greatest common factor of 54 and 33486?
6
Calculate the highest common divisor of 39988 and 260.
52
Calculate the greatest common factor of 31 and 101.
1
What is the highest common divisor of 90 and 11130?
30
Calculate the highest common factor of 65250 and 29754.
522
What is the greatest common factor of 45021 and 473?
43
Calculate the highest common factor of 39 and 199173.
39
Calculate the highest common divisor of 1628 and 3996.
148
Calculate the highest common divisor of 82605 and 2625.
15
What is the highest common divisor of 1568 and 4753?
49
Calculate the greatest common factor of 62790 and 90.
30
Calculate the greatest common factor of 48 and 15531.
3
What is the highest common factor of 21783 and 477?
159
What is the greatest common divisor of 162 and 17154?
18
What is the greatest common factor of 215 and 24037?
43
Calculate the greatest common factor of 4334 and 3058.
22
Calculate the greatest common factor of 3472 and 8737288.
1736
Calculate the greatest common factor of 137017 and 543.
181
What is the greatest common divisor of 1395 and 20105?
5
Calculate the highest common factor of 714 and 51816.
102
Calculate the highest common divisor of 935801 and 976.
61
Calculate the greatest common divisor of 16928 and 3.
1
Calculate the highest common divisor of 29917 and 3.
1
Calculate the highest common divisor of 7803 and 5491.
289
What is the highest common divisor of 3317 and 5549?
31
What is the highest common factor of 59 and 1184189?
59
Calculate the highest common factor of 10 and 64290.
10
What is the highest common factor of 3150995 and 2697?
899
Calculate the highest co